11?
1961
What is the greatest common factor of 79 and 272757533?
79
Calculate the greatest common factor of 17002425 and 407.
407
What is the highest common factor of 4 and 1575243?
1
Calculate the greatest common divisor of 14 and 23009329.
7
Calculate the highest common divisor of 81188226 and 15022.
406
What is the highest common divisor of 191063 and 459?
17
Calculate the greatest common divisor of 18785 and 43069.
13
Calculate the greatest common factor of 23 and 356431.
23
What is the greatest common divisor of 119719375 and 75?
25
Calculate the greatest common divisor of 24879 and 159.
3
What is the highest common factor of 3664480 and 35?
5
What is the highest common divisor of 7521 and 151869?
69
Calculate the highest common divisor of 197 and 19251431.
197
What is the greatest common factor of 31050159 and 14091?
1281
What is the greatest common divisor of 4199310 and 6750?
270
What is the greatest common divisor of 37463795 and 13775?
145
Calculate the greatest common divisor of 1486084 and 184988.
412
Calculate the greatest common factor of 141 and 257343095.
47
What is the highest common divisor of 108152145 and 1215?
135
What is the highest common divisor of 667 and 254707?
29
What is the highest common factor of 8 and 77127112?
8
Calculate the highest common factor of 83708 and 12478.
34
Calculate the greatest common divisor of 732 and 23479266.
366
Calculate the highest common factor of 810880 and 15568.
112
What is the highest common divisor of 8149947 and 26?
13
Calculate the highest common divisor of 635 and 13401040.
635
What is the highest common divisor of 33055057 and 98?
49
Calculate the greatest common divisor of 9 and 9167274.
9
What is the highest common factor of 5592834 and 208?
26
What is the greatest common divisor of 1841121 and 372?
93
What is the greatest common divisor of 14101 and 2853899?
239
Calculate the highest common divisor of 5236 and 8385692.
476
What is the highest common factor of 69446063 and 4765?
953
Calculate the greatest common factor of 50956172 and 20.
4
What is the greatest common divisor of 5561127 and 11979?
99
Calculate the highest common divisor of 1166 and 34824922.
1166
Calculate the greatest common divisor of 7 and 125628251.
7
Calculate the highest common divisor of 795 and 109815.
15
Calculate the highest common divisor of 67976 and 841496.
2344
What is the greatest common factor of 12297605 and 1418?
709
What is the greatest common factor of 134900 and 36210?
710
What is the greatest common factor of 41 and 4769489?
41
What is the greatest common divisor of 1965 and 15337218?
393
What is the greatest common divisor of 573142 and 7738?
106
Calculate the greatest common factor of 282 and 324035766.
282
What is the greatest common divisor of 658 and 6432398?
14
Calculate the highest common divisor of 12733 and 297500.
119
Calculate the greatest common factor of 224 and 3615512.
8
Calculate the highest common divisor of 19050 and 159930.
30
Calculate the highest common divisor of 22258184 and 13.
13
Calculate the highest common divisor of 3957415 and 330.
55
What is the highest common divisor of 2514800 and 6000?
400
Calculate the greatest common factor of 51173392 and 1704.
568
Calculate the highest common divisor of 28 and 853702360.
28
What is the highest common factor of 31590 and 220266?
54
Calculate the highest common divisor of 276080 and 12301336.
3944
What is the highest common factor of 41445 and 85239?
27
Calculate the greatest common divisor of 32952 and 35706238.
2746
What is the highest common divisor of 84 and 60621708?
84
What is the highest common factor of 663566 and 2769?
71
What is the highest common divisor of 434269280 and 4980?
1660
Calculate the highest common factor of 19 and 7042321823.
19
What is the highest common divisor of 1154635 and 42920?
145
Calculate the highest common factor of 42 and 165232431.
21
Calculate the greatest common divisor of 119177439 and 218.
109
Calculate the greatest common factor of 20 and 435605.
5
What is the greatest common divisor of 172 and 1121569?
43
Calculate the greatest common factor of 12148926 and 19765.
59
Calculate the highest common divisor of 3252 and 23464806.
1626
Calculate the highest common divisor of 1036 and 4593143.
37
Calculate the greatest common factor of 3624 and 77544.
24
Calculate the highest common divisor of 257 and 1199946107.
257
Calculate the greatest common divisor of 4 and 149614892.
4
What is the greatest common divisor of 48 and 3446904?
24
Calculate the greatest common factor of 436 and 25556.
4
Calculate the highest common divisor of 79989440 and 220.
20
Calculate the highest common divisor of 16505433 and 22743.
1197
What is the greatest common factor of 3904 and 677888?
64
What is the greatest common divisor of 10946 and 3904030?
26
What is the highest common factor of 16483374 and 342?
342
What is the highest common divisor of 155 and 16933068?
31
Calculate the highest common factor of 391192 and 136.
8
Calculate the greatest common factor of 20511 and 26445.
129
What is the highest common divisor of 9620 and 49192?
52
What is the highest common factor of 14200 and 40675616?
568
What is the greatest common factor of 27797 and 10059?
7
Calculate the greatest common divisor of 11104 and 787312.
16
Calculate the highest common divisor of 96 and 3473496.
24
What is the highest common factor of 4704433 and 7?
1
Calculate the highest common divisor of 104 and 31346432.
104
What is the greatest common divisor of 601996 and 13148?
76
Calculate the highest common factor of 17021958 and 102.
6
What is the greatest common factor of 164090 and 602560?
2690
What is the highest common factor of 65670 and 1170?
30
Calculate the highest common divisor of 11934 and 396107361.
5967
What is the greatest common divisor of 6723057 and 2706?
1353
What is the highest common factor of 234702 and 1770?
354
What is the greatest common factor of 261030 and 515130?
2310
What is the highest common divisor of 8701 and 1969?
11
What is the greatest common factor of 4995695 and 18005?
1385
What is the greatest common factor of 73 and 208190233?
73
What is the highest common divisor of 5785279 and 1348?
337
What is the highest common divisor of 492858 and 432594?
54
Calculate the highest common divisor of 29415686 and 56202.
1102
What is the greatest common divisor of 7457655 and 255?
15
Calculate the highest common factor of 7430 and 742784530.
7430
What is the highest common divisor of 8042476 and 104?
52
What is the highest common divisor of 576755 and 22475?
155
Calculate the highest common divisor of 6205 and 518585.
85
What is the greatest common divisor of 246687 and 109869?
2073
What is the greatest common divisor of 4019964 and 3900?
156
What is the highest common factor of 120 and 377560?
40
Calculate the highest common factor of 275 and 18428025.
275
Calculate the highest common factor of 2856 and 10621842.
42
What is the highest common factor of 24 and 38610636?
12
Calculate the highest common factor of 1630 and 85321372.
326
What is the highest common factor of 2000 and 623125?
125
Calculate the greatest common divisor of 17949582 and 188.
94
What is the highest common divisor of 148562 and 413?
59
What is the greatest common factor of 4954296 and 45384?
744
What is the highest common factor of 2873 and 131459861?
2873
Calculate the greatest common divisor of 183 and 3366712.
61
Calculate the highest common divisor of 51136 and 76228.
68
What is the greatest common factor of 50085969 and 369?
123
What is the highest common divisor of 642 and 240029997?
321
Calculate the greatest common divisor of 1662 and 21438969.
831
What is the greatest common divisor of 2961135 and 24945?
15
Calculate the greatest common divisor of 86832 and 785709.
603
What is the greatest common factor of 592593 and 231822?
159
What is the greatest common factor of 11196976 and 22?
2
What is the highest common factor of 59248012 and 4324?
188
Calculate the greatest common factor of 5 and 2246303.
1
Calculate the greatest common divisor of 141453705 and 10.
5
What is the highest common factor of 390804 and 5945?
29
Calculate the greatest common factor of 17462701 and 2267.
2267
Calculate the greatest common factor of 5437674 and 198